1*t. Let d = t + h. Is d a composite number?
True
Let l(b) = -28*b**2 - 3*b + 25. Let g(t) = 57*t**2 + 5*t - 49. Let o(c) = 3*g(c) + 5*l(c). Is o(-5) prime?
False
Suppose -p + 26278 = -5*z, -5*p = 3*z - 4695 - 126779. Is p prime?
True
Suppose 3*j - j = -c - 15, -3*c = -3*j. Let i(p) = -23*p**3 - 11*p**2 - 2*p - 32. Is i(j) prime?
False
Let h(u) = 2*u**3 + 15*u**2 - 23*u - 11. Let t be h(10). Let l = t + -1208. Is l a prime number?
False
Suppose i + 5*o - 77 = -60, -2*o = -3*i. Suppose 3*n - 3*g - 14262 = 0, 7*n - 3*n - 19026 = i*g. Is n a prime number?
True
Let o(k) = 987*k + 6. Let w(c) = c. Let h(b) = o(b) + 4*w(b). Let v be (-4 - 104/(-24))*3. Is h(v) a prime number?
True
Let p = -3255 + 3291. Suppose -x - 12 = -0*x. Is (5654/(-6))/(x/p) a prime number?
False
Suppose 0 = 5*d - 5*y - 984600, -11*d - 4*y = -16*d + 984601. Is d prime?
False
Let q(h) = 269*h**3 - 17*h**2 + 14*h - 13. Is q(5) a prime number?
False
Let l(p) = -3*p - 77. Let q be l(-26). Suppose -5*o = 4*v + v - 15, 5*v = -o - q. Suppose -m + 4111 = -o*a, -4*m + 14312 = a - 2200. Is m prime?
True
Let j(k) = -12*k**3 - 47*k**2 + k - 13. Is j(-25) composite?
True
Suppose 0 = 1932*r - 1922*r - 425650. Is r prime?
False
Is 67/(44/(-33)*6/(-5752)) composite?
True
Suppose 53*v - 29*v - 65304 = 0. Is v prime?
False
Let q(f) be the second derivative of 17*f**4/6 + f**3 - 7*f**2 - 57*f. Is q(11) a composite number?
True
Suppose -2*d + 103*k = 105*k - 76592, 3*d = -2*k + 114885. Is d a composite number?
True
Let k(l) = -l**2 + 10*l - 11. Let m be k(8). Suppose -2*n + m*n + 4911 = 0. Let y = n + 3198. Is y composite?
True
Suppose 5*b = 3*r - 2662, -5*r = -0*r - 2*b - 4462. Suppose 4*u + r = 7*u. Is u composite?
True
Let h(p) = 1228*p + 49. Is h(6) a composite number?
False
Let s(h) = -h**3 - 4*h**2 - 100*h + 1024994. Is s(0) a composite number?
True
Let s = 17 + -8. Suppose 4*k - 6*k = -4. Suppose 0 = -m + 4*r + s, 0*r = k*m - 3*r - 18. Is m a prime number?
False
Suppose -2 + 8 = -s. Let k(t) = -4*t**3 - t**2 - 5*t - 3. Let y(z) = 8*z**3 + z**2 + 9*z + 4. Let w(m) = -7*k(m) - 4*y(m). Is w(s) prime?
True
Suppose -4*u = -3*z + 330278, -5*u + 330314 = 2*z + z. Is z composite?
True
Let x = -35533 + 105152. Is x a composite number?
True
Suppose 0 = r - h + 724, -4*r + 5*h - 2890 = 3*h. Suppose d - 3*d = -2446. Let t = d + r. Is t a prime number?
False
Let w be 15004/5 - (-2 - (-27)/15). Suppose -5*i + 16946 - w = 0. Is i prime?
True
Suppose 101*t = 97*t - y + 1973784, -4*y - 1480357 = -3*t. Is t a composite number?
False
Let m(q) = -648*q - 59. Let r = 260 - 265. Is m(r) a prime number?
True
Suppose -2*o - 2*h = -27334, -3*o + 11054 + 29949 = 2*h. Is o a composite number?
False
Suppose w - 8325 = 2*k, 6 - 15 = -3*k. Suppose 6*d - w = 3*d. Is d composite?
False
Let s(o) = o**3 - 8*o**2 + 9*o - 12. Let w be s(7). Suppose 3 = w*h - 15. Suppose r - 4*m = -h*m + 744, -3*r - 2*m = -2297. Is r prime?
True
Suppose -111*t = -110*t - 12. Suppose 83173 = 43*c - t*c. Is c a composite number?
False
Let r(h) = -99*h**3 - h**2 + 10*h - 26. Let f be r(-13). Is f/78*(2 + 1) a composite number?
False
Suppose 0*o - 4*o = -6516. Suppose 0 = 4*u - 12, 5*i - 5*u = -4532 + 27. Let j = o + i. Is j prime?
False
Let c = -23893 - -43465. Let l = 28955 - c. Is l a composite number?
True
Let w = 1050 - 71. Let t = 1074 - w. Is t composite?
True
Let f(z) = -57*z + 23. Let t(j) = 55*j - 22. Suppose -4*k + 6*k + 4 = 0, -4*h - 2*k = 24. Let q(s) = h*f(s) - 6*t(s). Is q(-12) prime?
True
Suppose 2*j - 2*w = 3*w + 12017, 0 = 2*j - 3*w - 12011. Let v = j - 4154. Is v a prime number?
True
Suppose 2*n + 5*g = 610483, 4*n - 5*g = -10558 + 1231569. Is n a prime number?
False
Suppose p - 3*t - 16 = t, 0 = -4*t - 16. Suppose 8*z + 5010 - 32098 = p. Is z composite?
True
Let f(b) be the third derivative of 2081*b**5/60 - b**4/8 + 17*b**3/6 - 185*b**2. Is f(3) prime?
False
Let d(v) = v**2 - 4*v - 45. Let b be d(-7). Suppose -b*j = -44*j + 552. Is j a composite number?
True
Let n = 1137839 + -785186. Suppose n = 127*i - 106*i. Is i a prime number?
False
Suppose 3*p - 5*f = 5 + 7, 0 = 3*p + 5*f - 12. Is (p + (-26)/4)*1434/(-3) composite?
True
Suppose -345*x = -81*x - 9037512. Is x composite?
True
Let c be -6*(1/2 - 0). Let t(s) = s**2 + 74*s + 975. Let o be t(-57). Is 2*c/o*-635 composite?
True
Suppose -3*v = 5*j - 62, 6*v - v + 30 = 5*j. Let g = 50 + -45. Suppose g*m - 15630 = -j*m. Is m composite?
True
Suppose 0 = 9*w + 11*w. Suppose -16*j + 8*j + 47368 = w. Is j composite?
True
Suppose -32*z = -29*z - 12. Suppose -3*o = t - 1 + 6, -4 = z*o + 2*t. Is (12/8)/o*-3310 prime?
False
Suppose -4*j + 157613 = -5*y, -157593 = -4*j + 7*y - 6*y. Is j prime?
True
Let z = -9728 + 46557. Is z a composite number?
True
Let j(d) = 118*d - 17. Let h(x) = 118*x - 17. Let p(u) = -6*h(u) + 7*j(u). Is p(6) composite?
False
Let f be (6/2)/(26/1950). Is f/(-27) + 9 - 1477/(-3) composite?
True
Suppose 4*f = -3*o + 4739 + 3932, 0 = 2*f + o - 4337. Suppose -2175*r + 29485 = -f*r. Is r composite?
False
Let f(m) = m**2 - m - 4. Let v be f(0). Let x(g) be the third derivative of -g**6/60 - g**5/60 - g**4/8 + g**3/2 + 47*g**2. Is x(v) prime?
True
Let t = -19 - -9. Let h = t + 10. Is h + 3*(-1 + 38) prime?
False
Let u(a) = -75504*a**3 + 8*a + 7. Is u(-1) a composite number?
False
Let d = 672 - 672. Suppose 2*v + 7*v - 56799 = d. Is v prime?
True
Let b be 3*1/15*0/2. Suppose b = -3*i - z + 16196, -z = 2*i - 13807 + 3010. Is i composite?
False
Let z = -327988 - -511621. Is z composite?
True
Let o = 2611 + -475. Suppose 5*n = -2*q + 28, 3*n = -5*q - 0*n + 32. Suppose o + 1429 = 5*z + 5*a, 0 = q*z - 2*a - 2828. Is z prime?
True
Suppose 17 = t - c + 6*c, -t + 10 = -2*c. Suppose -t*p + p + 22 = 0. Suppose 6*h - 9688 = -p*h. Is h a composite number?
True
Let b(c) = -3*c - 35. Let d be (-2 + 3 - 0)*0. Let i be b(d). Is 2/(-7) - 4945/i prime?
False
Suppose -16*g + 24 = -12*g, 4*y - 536042 = -3*g. Is y a composite number?
True
Suppose 30*v = 44*v - 560. Suppose -v*h + 38*h = 4, -3*q + 16511 = -4*h. Is q composite?
False
Let x be 2/7 - (-723)/(-7). Suppose 0 = 2*o - 5*n + 868 + 1852, -4*o + 2*n - 5440 = 0. Let j = x - o. Is j a composite number?
True
Let i = 1109 - -586. Suppose -5*c + 7990 = i. Is c composite?
False
Let u be (-6)/15 + (-1071)/35. Let b = u - -34. Suppose b*z - 5765 = 1318. Is z prime?
False
Suppose 2*z + 9 = 15. Suppose -13*s + 2637 = -12*s - 2*h, 2*h + 7903 = z*s. Is s composite?
False
Let n(k) = 59*k**2 - 13*k - 83. Is n(13) a composite number?
False
Let i(b) = -10135*b + 3003. Is i(-20) prime?
True
Let o(v) = 5333*v**2 + 10*v - 3. Is o(-2) a composite number?
True
Let d be (7 + -6)/(2/4). Suppose 8*i = d*i - 12. Is (i - (-812)/(-3))*21/(-14) a prime number?
True
Let h = 6765 - -6011. Let d = -357 + h. Is d composite?
True
Let m(x) = 3*x**2 + 14*x + 15. Let f be m(-5). Suppose 34697 = f*p - 22563. Is p prime?
False
Let q(z) = -12*z - 35. Let m(h) = -h**2 - 4*h + 19. Let b = 21 + -29. Let p be m(b). Is q(p) prime?
False
Suppose 4*h - 5*x = 118, 11 = h - 5*x - 11. Suppose -4*s + 4 = p, 5*p + s - h - 7 = 0. Is (-353)/((-4)/p + (-3)/6) composite?
False
Suppose -2*a = -b + 57480, -b = -3*b + a + 114951. Suppose 3*g - 30291 = 5*j + 12826, 4*g = -j + b. Is g composite?
False
Suppose -353603750 - 16931177 - 9953255 = -274*y. Is y composite?
True
Let n(i) = -1491 + 41*i + 84*i + 1607. Is n(27) prime?
True
Let l(n) = -2475*n - 2. Suppose -3*p + o = 2 + 1, 3*p + 3 = -o. Is l(p) composite?
False
Suppose -124 - 32 = -4*d. Suppose -14 = 2*r + 4*x, 4*r + 4*x - 15 + d = 0. Is (1 - (-3 - r))*-489 composite?
True
Suppose 4*l + t + 3262 = 4*t, 3*l - 5*t + 2452 = 0. Let x = l - -2576. Is x a composite number?
True
Suppose k + 4*q = 244547, k + 1222679 = 6*k + 12*q. Is k composite?
True
Let n = 197 + -193. Suppose -4*d + 6*f - 3*f + 2329 = 0, -3*d = n*f - 1753. Is d composite?
True
Suppose f + 3*d = 62357, -5*d = -33*f + 34*f - 62361. Is f a prime number?
True
Let b(r) = 285*r**2 - 15*r - 107. Is b(-5) a prime number?
False
Let h = 1831001 - 129394. Is h prime?
True
Let g = 80323 - -364078. Is g composite?
False
Let g be (1 - 1)/(11 + -12). Suppose g = 5*d + 5, s + 4*s = 4*d + 19. Is (33/(-9))/(s/(-45)) prime?
False
Let f = -127 - -162. Let w be -114228*f/(-50) - (-4)/10. Suppose